et q(u) = -u**3 - u**2. Let o(j) = 6*q(j) - z(j). Calculate o(-5).
2
Let c(p) = p + 3. Let m = -1 - -4. Suppose -14 = 2*x + z - 2, -m*x + 4*z - 40 = 0. Let t = -4 - x. Determine c(t).
7
Let a(m) = -m + 4. Suppose 5*g + 44 = -6. Let k be g/50 - 12/(-10). Let t = k - -4. Determine a(t).
-1
Let j(o) be the first derivative of -9*o**2 + 10*o**2 + 2*o - 12 - 3*o - 3*o. What is j(4)?
4
Let k(o) = -o**2 - 6*o - 1. Suppose -17*x + 10*x + 938 = 0. Suppose -5*d - x + 104 = 0. Give k(d).
-1
Let h(f) = -11*f - 408. Let k be h(-36). Let t(v) = v**2 + 12*v - 15. Calculate t(k).
-15
Let k(o) = 2*o**2 + o**3 + 0*o**3 + 17*o - 19*o + 3 - 3*o**3. Suppose -9 - 30 = -3*m. Let y = m + -11. What is k(y)?
-9
Let g be (-76)/(-6) + (-1)/((-3)/(-2)). Suppose 0*i = -i + 5*n + g, -3*i + n = 6. Let u(q) = 2*q**2 - 3. Determine u(i).
15
Let i(y) be the first derivative of -y**6/120 - y**4/24 - 4*y**3/3 - 6*y**2 + 6. Let q(p) be the second derivative of i(p). What is q(0)?
-8
Let r = 27 + -25. Suppose 2*b - 4*b + 76 = 4*i, -r*b = -i + 19. Suppose -3*j = 3*m + m - i, 3*m = 12. Let y(h) = -h**2 + 2*h - 1. What is y(j)?
0
Suppose 3*j = 3 + 9. Let w(t) = 2*t**3 + 14*t**2 - 2*t - 2*t**3 + t**3 - 19*t**2. Calculate w(j).
-24
Let g(a) = -3*a**2 - 11*a. Let v(k) = -2*k**2 - 5*k. Let u(s) = -4*g(s) + 9*v(s). Let h(r) = -7*r**2 - r. Let y(o) = 4*h(o) - 5*u(o). Determine y(1).
3
Let v(l) be the third derivative of -l**4/24 - 8*l**2. Let d(z) = -3*z + 1. Let t(j) = -2*d(j) + 5*v(j). Give t(-5).
-7
Let x(t) = -t - 9. Let p = -199 - -192. Calculate x(p).
-2
Let d(x) be the third derivative of x**5/120 + 11*x**4/24 + x**3 + 46*x**2. Let r(a) be the first derivative of d(a). Calculate r(-13).
-2
Let b(j) = 5*j + 1 + j**2 + 6 - 2. Suppose -111*o + 152*o + 246 = 0. Give b(o).
11
Let z(g) = g**2 - 14*g - 42. Let y be z(17). Let n(r) = r**2 - 10*r + 13. What is n(y)?
4
Let w(r) be the first derivative of -r**6/60 - r**5/15 - r**4/12 + r**3/3 + 5*r**2/2 + 8. Let t(y) be the second derivative of w(y). Calculate t(-2).
6
Let i(v) = -v + 11. Let w = -24 + 32. Give i(w).
3
Let q = 69 - 67. Suppose -f - q = -3*n, f + 3*n + 23 = -3*f. Let i(g) = -g**3 - 4*g**2 + 4*g + 7. What is i(f)?
12
Let n(x) be the second derivative of -x**7/2520 + 7*x**6/720 - x**5/60 - 5*x**4/6 + 13*x. Let q(a) be the third derivative of n(a). What is q(6)?
4
Suppose -5*m = 4*b - 30, 3*b - 13 = -4*m + 2*b. Let j(u) = -4*u**3 - 13*u - 9*u**m - 3 + 3*u**3 + 4*u. Calculate j(-8).
5
Let b(m) = -5*m**3 + m**2 - 26*m - 28. Let l be b(-1). Let d(f) = 9*f - 37. What is d(l)?
-1
Let s(b) = 6*b + 14. Let h be s(-6). Let q(k) = -10*k + 3. Let f(t) = t. Let g(x) = h*f(x) - 2*q(x). What is g(-4)?
2
Let o(u) = -u**3 - 5*u**2 - 4*u - 6. Let b = -1857 - -1853. Determine o(b).
-6
Let r(s) be the second derivative of -s**3/3 - s**2/2 - 94*s. Determine r(-3).
5
Let o(z) = 3*z - 4. Let c(l) = 3*l - 5. Let j(f) = -4*c(f) + 5*o(f). What is j(-3)?
-9
Let f(a) = -a**3 - a - a**2 - 19 - 3*a**2 + 15. Let p(d) = -d + 1. Let r(u) = f(u) + 2*p(u). What is r(-4)?
10
Suppose -3*r - 4 = -13. Suppose 5*b - 5*h - 15 = 15, -10 = b + r*h. Let n(j) = -3*j + 6*j - b*j. Calculate n(0).
0
Let c(b) = -5*b**3 + 114*b**2 + 20*b + 67. Let w be c(23). Let j(v) = -6*v**3 + v**2 - 2. Calculate j(w).
50
Let q be (-2)/((-24)/(-10) - 2). Let f(i) = 10*i**2 + 15*i - 15. Let m(y) = -7*y**2 - 10*y + 11. Let b(c) = 5*f(c) + 7*m(c). Give b(q).
2
Let b(i) = -i**3 - 6*i**2 - 6*i - 4. Let r(p) = 3*p + 1. Let v be r(11). Let w = v - 39. Calculate b(w).
1
Let k(z) = 106 - 18*z - 17*z + 34*z - 96. Determine k(-4).
14
Let n(p) = p**2 + 10*p + 5. Let l be n(-7). Let v be l/(-22)*-8 - (-4)/(-22). Let d(m) = -m - 2. What is d(v)?
4
Let v(c) = -22*c + 19*c + 0 + 2*c - 3 - 3. Let n be 0/((-2)/2 + -1). Determine v(n).
-6
Let c(u) = 2*u - 7. Let y(j) = -2*j + 16. Let h(p) = -11*c(p) - 6*y(p). Give h(-2).
1
Let j(g) = -g - 1. Let k(w) = 5*w - 1. Let h = 33 + -31. Let a(i) = h*j(i) - k(i). What is a(4)?
-29
Let y(u) = 5*u + 48. Let n be -3 - (-15)/((-45)/24). Give y(n).
-7
Suppose -259*f - 18 = -257*f. Let h(q) = -q + 4. Determine h(f).
13
Let c(a) = -2*a + 2. Let b(y) = y**2 - 5*y - 3. Let v be b(5). Let f be v*6/9 - -2. Suppose -p + 4*i - 10 = f, 5*p - 3*i - 13 = -4*i. What is c(p)?
-2
Suppose k = -9 + 14. Let n(m) = k*m - 8*m - 11 + 2*m + 0*m. Determine n(-9).
-2
Let p(q) = -14*q - 27. Let g(j) = -7*j - 13. Let u(k) = 9*g(k) - 4*p(k). Give u(-5).
26
Let u be ((3 - 3) + -2)*-1. Suppose u*k = 3 + 1. Suppose -3*w - 14 = -2*i, -6 - 4 = k*w - i. Let p(q) = q**2 + 6*q - 2. Determine p(w).
-2
Let v(b) = b**3 - b**2 - 1. Let q(m) = 4*m**3 - 3*m**2 + 3*m - 9. Let c(j) = -q(j) + 5*v(j). Determine c(3).
4
Let t(x) = x**2 + 5*x - 5. Suppose -3*z + j = -z + 12, -3*z + 3*j = 18. What is t(z)?
1
Suppose -33*y = -30*y + 21. Let p(i) = -i**3 - 8*i**2 - 8*i - 4. Let n be p(y). Let v(x) = 5*x**2 - x**3 - 2*x + 1 - 5 + 0. Determine v(n).
8
Let v(k) = 2*k + 31 + 16 - 57 + 19. What is v(-8)?
-7
Let l = 14 + -7. Suppose 4*a + m = -3 + 16, 5*m + l = -2*a. Let t(b) = -b**2 + 4*b - 5. Calculate t(a).
-5
Suppose 68*u + f = 73*u - 13, 0 = 2*u + 5*f + 11. Let y(m) = 13*m - 8. Let i(v) = -3*v + 2. Let g(s) = -9*i(s) - 2*y(s). Give g(u).
0
Let i(k) = -17*k**2 - 1. Suppose 0 = -6*t + 13 + 5. Suppose 2 - 5 = t*d. Give i(d).
-18
Let w(o) = -2*o + 2. Suppose 8 = 4*j - 5*q, -2*q + 20 = 3*q. Let k(c) = -3*c + 3. Let y(m) = j*w(m) - 5*k(m). Calculate y(-2).
-3
Let z(b) be the first derivative of 1/3*b**3 - 3/2*b**2 + 9 - 3*b. What is z(3)?
-3
Let f(p) = p**2 - p. Suppose 2*c - b + 3 = 0, 2*c = 3*b - b - 8. Determine f(c).
0
Suppose 4*p - 20 = -p - 5*f, -3*p + 6 = -3*f. Let o(a) = -p*a + 3*a - 2*a**2. Suppose -3*d = 5*z - 8, -z = -2*d - 28 + 29. Determine o(d).
-2
Let s(p) = -3*p - 1. Let y be 2 - 1*(-15 - -1). Let u(v) = -v + 4. Let i be u(4). Suppose i = 4*n + 5*d + y, 5*n - 4*d + 0*d - 21 = 0. What is s(n)?
-4
Let h(y) = 2*y**3 + 4*y**2 + 3*y - 1. Suppose -3*s - 2*j - 4 = 29, 2*s - 4*j = -6. Let b = 8 + s. Let m(t) = -t**3 + t**2. Let k(c) = b*h(c) - m(c). Give k(-3).
-8
Let x = 43 + -46. Let w be 15/x + 1 + 0. Let u(i) = i + 1. What is u(w)?
-3
Let k(c) = c - 4*c**2 - 7 + 0*c**2 + 3*c**2. Suppose -103*f + 112*f = 0. Give k(f).
-7
Let u(f) = 6*f + 105. Let x be u(-17). Let r(a) be the second derivative of -1/6*a**x - 4*a + 0*a**4 - 9/20*a**5 - 1/2*a**2 + 0. Calculate r(-1).
9
Let p(o) = -4*o + 3. Suppose 10*w - 5*w + 2*x - 18 = 0, -3*w + 2*x - 2 = 0. Calculate p(w).
-5
Let l(q) = -180*q + 33. Let f(r) = -11*r + 2. Let t(u) = -33*f(u) + 2*l(u). Calculate t(-2).
-6
Let c(i) be the first derivative of i**4/4 - 5*i**3/3 - 5*i**2/2 - 3*i - 4. Let n = -6 - -12. Give c(n).
3
Let u(l) = -2*l - 2. Let z be u(-2). Let w(g) = -4*g + 2*g + 4*g**2 + z*g - 2. Let s = 205 + -203. Give w(s).
14
Suppose 1 = -3*v + 13. Suppose -5*s + 2 = v*x - 14, 3*x = -5*s + 17. Let k(d) = -5 + s*d - d**2 + 2*d - d. Give k(4).
-1
Let v(u) = 0*u + 8*u - 8 + 1. Let z be v(2). Let g(k) = -k**2 + 10*k - 8. Determine g(z).
1
Let k(p) be the first derivative of -5 - 3/2*p**2 + 1/3*p**3 + 1/4*p**4 - 1/60*p**5 + 0*p. Let y(a) be the second derivative of k(a). Give y(7).
-5
Let d(m) be the first derivative of -m**2/2 - 3*m - 198. Determine d(-12).
9
Let c be (2/8)/((-59)/(-1416)). Let u(r) be the third derivative of r**3 + 9*r**2 + 0 - 1/120*r**c + 1/12*r**5 - 1/8*r**4 + 0*r. Give u(5).
-9
Suppose -3*p = -u - 3, -p = p - 5*u - 15. Let t(v) = v**3 - v + 9. What is t(p)?
9
Let j be (-3 + 2)/(1/(-3)). Let c(u) = u**2 - 6 + 18 + 4*u - j*u. Let n = -1048 - -1048. Determine c(n).
12
Suppose d - 4*p + 3 = 0, -2*p + p - 23 = -5*d. Suppose -x = -d*x + 16. Let o(r) = -4*r - 8. Let s(k) = -7*k - 13. Let w(u) = -5*o(u) + 3*s(u). What is w(x)?
-3
Suppose -3*w - 12 = 0, a - w + 82 = -3*w. Let c = 78 + a. Let m(j) = j**3 - 4*j**2 - 4. Give m(c).
-4
Let p(c) = -3*c**3 - 42*c**2 - 8*c - 87. Let g(v) = -v**3 - 14*v**2 - 3*v - 31. Let n(t) = 11*g(t) - 4*p(t). Determine n(-14).
21
Let d(b) be the second derivative of -b**3/6 + 2*b**2 + 2*b + 228. Calculate d(9).
-5
Let s(i) = -i - 7. Let h(f) = -4*f**3 - 3*f**2 - 7*f + 7. Let d(y) = -5*y**3 - 3*y**2 - 8*y + 8. Let n(t) = -5*d(t) + 6*h(t). Let l be n(3). Calculate s(l).
-3
Let w(t) = 118*t - 5. Let a(r) = 78*r - 3. Let d(p) = 8*a(p) - 